i) = -999*i - 14120. What is g(-16)?
1864
Let v(t) = -26*t**2 + 482*t + 1055. What is v(-2)?
-13
Let j(p) = 2297*p - 121322. Calculate j(53).
419
Let m(i) = 509*i - 45341. Determine m(87).
-1058
Let i(y) = y**2 + 782*y - 11858. What is i(15)?
97
Let g(c) = -7*c**2 - 1267*c - 11950. Give g(-10).
20
Let g(h) = -7926*h + 47479. What is g(6)?
-77
Let p(l) = -8617*l - 26208. What is p(-3)?
-357
Let d(u) = 117*u - 868. What is d(10)?
302
Let l(b) = 8192*b - 917564. What is l(112)?
-60
Let f(h) = 3*h**3 + 153*h**2 + 644*h - 2119. Determine f(-46).
-3
Let g(m) = 2*m**2 - 7621*m - 686098. Calculate g(-88).
38
Let j(y) = -569*y + 16366. Calculate j(29).
-135
Let u(h) = 3*h**3 - 10*h**2 - 13*h - 98. What is u(11)?
2542
Let u(i) = -288628*i + 577229. What is u(2)?
-27
Let g(l) = 32447*l - 324615. Determine g(10).
-145
Let o(x) = 9*x**3 + 56*x**2 - 28*x - 284. What is o(-6)?
-44
Let g(k) = 894*k + 44171. Determine g(-50).
-529
Let r(s) = 22683*s - 226820. Calculate r(10).
10
Let v(r) = 6*r**2 - 679*r + 18752. Give v(48).
-16
Let m(p) = 8*p**2 + 692*p - 730. Determine m(-87).
-382
Let s(p) = -127*p - 16426. What is s(-130)?
84
Let t(y) = -y**2 - 6958*y - 90287. Determine t(-13).
-2
Let q(c) = 49*c**2 - 13177*c - 1082. Calculate q(269).
-6
Let r(p) = -11*p**3 + 92*p**2 - 42*p + 101. Give r(8).
21
Let n(q) = -3*q**3 + 35*q**2 - 612*q + 8589. Give n(13).
-43
Let a(m) = m**2 - 417*m - 14379. Give a(-32).
-11
Let i(p) = p**3 - 29*p**2 - 62*p + 366. What is i(31)?
366
Let s(z) = 2*z**2 + 15307*z + 137524. Calculate s(-9).
-77
Let u(i) = -8246*i - 585490. Give u(-71).
-24
Let m(k) = -3626*k - 924642. Give m(-255).
-12
Let b(m) = 38*m**2 - 17*m - 2. Determine b(2).
116
Let n(j) = -82*j**2 - 19*j - 152. Calculate n(-5).
-2107
Let q(r) = -2817*r + 168561. Calculate q(60).
-459
Let f(p) = -p**3 + 88*p**2 + 691*p + 196. Determine f(-7).
14
Let c(n) = -2*n**3 + 72*n**2 + 123*n - 951. Calculate c(3).
12
Let o(b) = -b**2 - 3*b + 457. Calculate o(17).
117
Let x(v) = -29*v - 1743. Calculate x(-87).
780
Let d(j) = -j**3 - 6*j**2 - 76*j - 150. Calculate d(-10).
1010
Let j(g) = 48943*g - 832038. Give j(17).
-7
Let f(j) = -2*j**2 + 93*j - 1525. Calculate f(24).
-445
Let x(c) = 81758*c - 163521. Determine x(2).
-5
Let i(l) = 792*l + 3956. Calculate i(-5).
-4
Let u(q) = 60*q - 1030. Give u(14).
-190
Let b(a) = -272*a**3 - a**2 - 6*a + 8. What is b(1)?
-271
Let n(v) = 18021*v - 1766186. Determine n(98).
-128
Let d(b) = -36*b**2 - 680*b + 37326. Calculate d(-43).
2
Let y(x) = 4507*x - 387193. What is y(86)?
409
Let z(y) = -3*y**2 - 1088*y + 69398. Determine z(-418).
10
Let b(w) = 12*w**2 - 45*w + 154. Calculate b(5).
229
Let d(m) = -662*m - 655. Calculate d(-1).
7
Let z(y) = 33*y**2 - 524*y - 2713. Determine z(20).
7
Let g(v) = v**3 + 20*v**2 - 48*v - 1810. Give g(-16).
-18
Let f(y) = -110*y + 6195. What is f(47)?
1025
Let m(c) = -3*c**3 - 69*c**2 - 152*c - 34. Give m(-20).
-594
Let d(g) = -4*g**2 - 134*g - 1170. What is d(-15)?
-60
Let w(g) = 316504*g**2 + 26902842*g + 167. Calculate w(-85).
-3
Let a(v) = -53*v**3 + 1167*v**2 - 47*v + 446. Calculate a(22).
-104
Let b(z) = -30060*z + 1953906. What is b(65)?
6
Let s(a) = -3329*a - 729003. Calculate s(-219).
48
Let f(r) = 2*r**3 + 466*r**2 - 1352*r - 193. Calculate f(3).
-1
Let h(d) = 3*d**3 + 6*d**2 - 193*d - 423. Determine h(-2).
-37
Let f(q) = q**3 + 41*q**2 - 134*q + 123. Determine f(-44).
211
Let l(d) = -9*d**2 + 1141*d + 5731. What is l(-5)?
-199
Let l(c) = 7*c**2 + 3618*c - 21934. Determine l(6).
26
Let v(a) = 7892*a - 3825. Calculate v(0).
-3825
Let i(w) = -w**3 - 120*w**2 - 449*w + 1644. Determine i(-116).
-96
Let z(y) = -1926*y**2 + 72*y - 61. What is z(1)?
-1915
Let k(u) = -60395*u - 3502900. Calculate k(-58).
10
Let q(h) = -93532*h + 1590025. What is q(17)?
-19
Let l(f) = -17*f**3 + 8329*f**2 + 470*f + 9807. Give l(490).
7
Let z(w) = -9*w**2 - 412*w + 365. Give z(-43).
1440
Let n(w) = -118369*w + 1893891. Calculate n(16).
-13
Let v(b) = 38*b**2 - 1029*b + 1069. What is v(26)?
3
Let g(z) = -1322*z - 108359. Give g(-82).
45
Let v(b) = 23*b + 2351. What is v(-99)?
74
Let a(t) = -2*t**3 + 142*t**2 - 2499*t - 287. What is a(33)?
10
Let h(w) = -w**3 + 55*w**2 - 126*w + 45. What is h(5)?
665
Let n(z) = 2331327*z - 2331331. Calculate n(1).
-4
Let j(x) = 7*x**3 + 334*x**2 - 119*x - 1131. What is j(-48)?
-27
Let o(p) = 351910*p + 3519069. Determine o(-10).
-31
Let o(y) = 76*y**2 - 11198*y + 3811. Give o(147).
-11
Let n(s) = s**3 + 14*s**2 - s + 138. Determine n(-13).
320
Let y(b) = 2*b**2 + 2343*b - 279137. What is y(109)?
12
Let u(m) = -259*m**3 + 239*m**2 - 16*m + 52. What is u(3)?
-4838
Let p(v) = -117*v**2 + 1280*v + 5008. Calculate p(14).
-4
Let l(b) = -408*b + 3424. Give l(8).
160
Let p(h) = 258*h - 33163. Determine p(126).
-655
Let q(z) = 19*z**2 - 1550*z - 3884. Determine q(84).
-20
Let r(c) = -17*c**3 - 1313*c**2 - 310*c - 162. Give r(-77).
-8
Let t(z) = 3*z**2 + 178*z + 2337. Calculate t(-41).
82
Let k(p) = -6*p**3 + 92*p**2 - 267*p + 13. Give k(12).
-311
Let g(v) = -53*v + 5694. Calculate g(118).
-560
Let r(m) = -36*m**3 + 126*m**2 + 102*m - 471. Calculate r(3).
-3
Let b(o) = 72*o - 8696. Calculate b(113).
-560
Let f(v) = -8*v**2 - 1938*v + 6317. What is f(-246)?
-1063
Let v(m) = m**2 + 17*m - 114. What is v(24)?
870
Let w(z) = -42*z**2 + 5972*z + 146. Determine w(142).
1282
Let b(o) = 532*o + 53741. Determine b(-101).
9
Let w(g) = 20*g**3 + 44*g**2 + 110*g + 20. Calculate w(-5).
-1930
Let x(m) = -61403*m - 859652. Give x(-14).
-10
Let f(x) = 2*x**3 - 851*x**2 - 11419*x - 235. Give f(-13).
-1
Let m(i) = -8*i**2 - 3*i - 5. What is m(5)?
-220
Let x(n) = -9*n - 2791. What is x(-84)?
-2035
Let w(a) = -a**2 - 433*a + 1910. Determine w(4).
162
Let h(n) = -n**3 - 12*n**2 - 46*n + 88. Determine h(-8).
200
Let a(r) = -8*r**3 - 67*r**2 + 936*r + 2100. What is a(-15)?
-15
Let h(o) = 333*o + 17674. Determine h(-53).
25
Let c(z) = 7*z**2 - 136*z + 157. Determine c(15).
-308
Let u(q) = 13747*q - 9266. Calculate u(1).
4481
Let p(h) = -5*h**2 - 8534*h - 25608. Determine p(-3).
-51
Let r(q) = -9*q**2 + 706*q + 10315. What is r(91)?
32
Let c(z) = -14*z**2 - 117*z - 209. Calculate c(-4).
35
Let z(r) = 23*r**3 + 19409*r**2 - 2485*r + 39655. Give z(-844).
-13
Let h(s) = -5169*s - 30890. Give h(-6).
124
Let q(k) = -16*k**2 - 455*k + 110. Give q(-29).
-151
Let b(y) = -y**3 + 48*y**2 - 728*y + 22. Determine b(17).
-3395
Let k(l) = 2*l**3 - 279*l**2 + 4978*l + 12. What is k(21)?
33
Let t(s) = -2*s**2 + 113903*s + 683482. Calculate t(-6).
-8
Let c(w) = -8846*w - 185728. What is c(-21)?
38
Let p(y) = 3*y**2 - 380*y + 5864. What is p(18)?
-4
Let v(l) = l**2 - 17*l - 4147. What is v(74)?
71
Let u(t) = 29684*t + 89040. Calculate u(-3).
-12
Let o(d) = -6363*d - 1711638. What is o(-269)?
9
Let x(k) = 13*k**2 + 4671*k - 224905. Determine x(43).
-15
Let y(u) = 21448*u - 64357. Determine y(3).
-13
Let t(i) = -i**2 + 606*i - 11231. Give t(19).
-78
Let k(s) = 3*s**2 - 37*s - 1452. Determine k(27).
-264
Let v(o) = -o**3 - 107*o**2 + 316*o + 10683. Give v(-109).
1
Let x(m) = 32*m**2 - 406*m - 67. Determine x(14).
521
Let j(g) = -g**3 - 9*g**2 - 16696*g - 116771. What is j(-7)?
3
Let o(m) = -28*m**2 + 7251*m + 317. Determine o(259).
58
Let q(y) = -y**3 - 35*y**2 + 659*y + 7039. Give q(-46).
1
Let m(y) = y**2 + 216*y - 5750. Calculate m(-240).
10
Let o(k) = -4666*k - 37320. Give o(-8).
8
Let s(f) = -f**3 - 369*f**2 - 3234*f + 2167. What is s(-360)?
7
Let r(l) = -l**3 + 1750*l**2 + 19366*l - 52. Calculate r(-11).
3
Let v(l) = -1169*l + 34690. What is v(30)?
-380
Let s(n) = -2*n**2 - 2527*n + 5084. What is s(2)?
22
Let p(l) = -4*l**2 - 145*l - 474. What is p(-27)?
525
Let k(r) = -4*r**2 + 1186*r + 683848. Give k(-291).
-2
Let w(m) = -m**2 - 290*m - 15205. Determine w(-220).
195
Let c(s) = 4179*s - 12334. Calculate c(3).
203
Let l(s) = -61*s**3 + 282*s**2 + 11*s + 17. Determine l(5).
-503
Let b(c) = c**3 + 271*c**2 + 1058*c - 2681. Determine b(-267).
-11
Let p(r) = -13*r**2 + 52*r + 393. Determine p(-8).
-855
Let v(g) = -g**3 + 37*g**2 - 77*g + 1462. Give v(36).
-14
Let k(l) = -168*l**2 + 35*l - 34. Calculate k(1).
-167
Let t(w) = 286*w - 50149. Calculate t(175).
-99
Let a(p) = p**2 - 243*p - 17350. Calculate a(-58).
108
Let d(j) = -j**2 + 7780*j + 195072. Gi